et y(s) = 72*s**2 + 4*s + 13. Let z be ((-36)/30)/(4/110). Let x be (-17)/3 + (-22)/z. Is y(x) a prime number?
False
Let f(c) = -c**2 + 22*c + 144. Let t be f(-5). Suppose -i = -t*i + 104. Is i a prime number?
True
Suppose p - 5*y - 8 = 0, 5*p - 3*p - 3 = -3*y. Suppose -4*o - p*v - 77 = -2*v, -4*o - 2*v - 82 = 0. Is (-5817)/o + 46/12 + -4 a composite number?
True
Let v(h) = 634*h**2 + 22*h + 23. Let b be v(-1). Let t = 15 + -10. Is t/10*2*b composite?
True
Is 108/144*(-755804)/(-3) a prime number?
False
Is 82/(-16) + (-5)/(-40) - (29 - 177141) composite?
True
Suppose -361*t + 366*t + l = 273450, -l + 109383 = 2*t. Is t prime?
False
Let d(r) = -3*r + 1480. Is d(-99) composite?
False
Suppose -p = 7 + 26. Let f = p + 54. Is 679/f*(4 + -1) a prime number?
True
Let b = -41555 + 41964. Is b a prime number?
True
Suppose g - 2524 = 14*g - 17*g. Is g a composite number?
False
Is (1 - 4)*4109716/(-78) - 3 - 4 a composite number?
True
Let g(t) = 28*t**3 + 11*t**2 - 9*t - 107. Is g(11) composite?
False
Let z(l) = -127*l**2 + 2*l - 8. Let f be z(8). Let q = -3041 - f. Is q prime?
False
Let s(y) = -1673*y + 62. Let z = 504 - 517. Is s(z) a composite number?
True
Suppose -12 = 3*c - c + 5*m, 2*m + 9 = -5*c. Let o(r) = 941*r**2 - 24*r - 24. Is o(c) a composite number?
False
Suppose 7*g - 9409 - 4465 = 0. Suppose 5*s + d = g, s + 2*d - 391 = -0*d. Is s a composite number?
False
Is (167298/4 + 2)*(-55 - -57) a prime number?
True
Suppose 0 = 3*j - 3*w - 798702, -j = w + 4*w - 266240. Suppose -10*d + j = -152555. Is d a composite number?
False
Suppose -2*s - 4*f + 15918 = -74920, 4*s - 4*f - 181676 = 0. Is s a prime number?
False
Let y(x) be the third derivative of -11*x**5/8 - 7*x**4/6 + x**3/2 - 3*x**2. Let c(r) be the first derivative of y(r). Is c(-5) a prime number?
True
Let f(x) = -7*x**2 + 13*x + 9. Let p be f(-10). Let j be 2/(-3 - (-381)/126). Let y = j - p. Is y a prime number?
False
Suppose 23*o - 1569240 = 19*o + 4*r, 6*r + 18 = 0. Is o a prime number?
False
Let i be (-94)/(((-1)/543)/((-12)/(-18))). Is (-2)/4 - i/(-8) a composite number?
False
Let j be 23/(-7) + (-2)/(-7). Let s(h) = -4*h**2 - h - 1. Let x(i) = 76*i**2 - 4*i - 11. Let v(y) = -s(y) + x(y). Is v(j) a composite number?
False
Suppose 108559 = 3*c + 2*w, -15*w = -c - 17*w + 36185. Is c a composite number?
False
Let s be -7 + (8 - (-1 - -6)). Is 2 + s + 15534 + -5 a prime number?
True
Let o(m) = 21*m**2 + 25*m + 19. Let k be o(14). Is k/2 + 23/46 composite?
False
Suppose -6*u - 22 = -2*u - 2*x, 3*x - 9 = 2*u. Is (-610)/(8/u + 16/(-24)) composite?
True
Let q(l) = 9*l**2 + 2*l - 76. Is q(-41) a prime number?
False
Let u(g) = 172*g + 47. Let c(b) = -57*b - 16. Let t(i) = -8*c(i) - 3*u(i). Let q = 40 - 47. Is t(q) a prime number?
False
Suppose 0 = 29*l - 27*l - 260. Is (6/(-15) - l/50) + 9568 prime?
False
Is 490191 - ((-340)/34)/(3 - 2) a composite number?
False
Let f(s) = -s**3 + 6*s**2 - 7*s + 9. Let p be f(5). Let v be (p + 5)/(2/607). Suppose -3*j - 3*h + 3656 = 2*h, -j + 3*h + v = 0. Is j composite?
False
Let d(u) = 818*u + 4905. Is d(22) a composite number?
False
Suppose 22*j - g - 80997 = 17*j, -4*g + 32390 = 2*j. Is j a prime number?
False
Suppose -51*z - 18*z = -5*z - 24451904. Is z composite?
False
Let c(f) = -16391*f - 4289. Is c(-60) prime?
True
Let l(h) = 6*h**3 + 5*h + 14. Let i be l(-6). Let k = 575 + i. Let m = 1980 + k. Is m composite?
True
Let q be (-915)/(19/(-4) - (-76)/19). Suppose -3*o + 235 + q = 0. Is o prime?
False
Let g = 853 - -239. Let y be 994/12425 - 7323/(-25). Let z = g - y. Is z prime?
False
Suppose 3*d - 262 - 155 = 0. Suppose -4*s + 0*s + d = 3*l, s + 198 = 4*l. Suppose -4*x + 87 = -0*x - u, l = 3*x - 4*u. Is x prime?
True
Let h(v) = -v**3 + 4*v**2 + 21*v + 2. Let w be h(7). Suppose 0 = w*t - 504 - 1110. Is t composite?
True
Let a be 3448 + (4 - 3 - (0 - 1)). Suppose 4*y = y + a. Let c = y - 629. Is c a prime number?
True
Suppose -q = 2*r - 1145366, 3*r + 3*q - 1718056 = -2*q. Suppose 14*v = -19*v + r. Is v a composite number?
True
Suppose 63*f - 62*f - 296929 = -4*m, -1187651 = -4*f - 3*m. Is f composite?
False
Let b = -43241 - -168658. Is b composite?
True
Let q(r) be the first derivative of 724*r**2 - 17*r + 54. Is q(3) composite?
False
Let s(u) = -8298*u - 181. Is s(-20) composite?
False
Let o(y) = -588*y + 19. Let q = -103 - -101. Is o(q) composite?
True
Let p = -2141 - -4024. Suppose -p = -41*u + 40*u. Is u a composite number?
True
Let u(y) = -2*y**3 + 59*y**2 - 50*y - 439. Is u(-82) a prime number?
True
Suppose 125*z = 122*z - 6. Is (-1)/6*3 - 2655/z a composite number?
False
Let n be (2/3)/(4/(-3234)). Let z = n + 5578. Is z a prime number?
True
Suppose 19*h = 18*h + 3. Suppose -h*o = -5*v + 504025, -5*o - 207234 = -4*v + 195986. Is v composite?
True
Let f(r) = 1202*r**2 + 29*r + 173. Is f(-6) composite?
False
Suppose 0 = 37*u + 19*u - 1202936. Is u composite?
False
Let c(s) be the second derivative of -11*s**3/3 + 79*s**2/2 - 14*s. Is c(-7) composite?
False
Suppose -3*f = -15, 10*f = -2*h + 7*f + 1103441. Is h a composite number?
False
Let l be (-286300)/(-5) + -1 + (-1 - 3). Suppose -19*m + 34*m = l. Is m a prime number?
False
Suppose 45*d - 44*d + 415 = 0. Let c be 1 - (d + 5 + -4). Is (c/12 + (-2)/6)*28 composite?
True
Let u(t) = 2*t**2 - 16*t + 85. Let w be u(6). Suppose -2*g + 6296 = -s, w*g - 5*s + 15725 = 66*g. Is g a composite number?
True
Suppose 0 = -4*c + 5*b + 18, 4*b + 10 = 2*c - 2. Let s(t) = -t**3 + 13*t**2 - 11*t - 11. Let g be s(12). Is (c/(-6))/(g/(-633)) prime?
True
Suppose 81*l - 942908 - 516145 = 0. Is l composite?
False
Suppose -6*z + 12*z = -30. Is z/1 + 6 + -2 - -11304 prime?
False
Let k be (-326)/14 + (-10)/(-35). Is -394*(-1)/(-2)*(k - -12) a composite number?
True
Let x(h) be the first derivative of -h**4/2 + h**3/3 - h**2/2 - 4*h - 41. Let t be x(-2). Let g(a) = -a**3 + 18*a**2 + 7*a - 13. Is g(t) a prime number?
True
Let l = 360 + -338. Suppose 466669 = l*m - 362929. Is m composite?
True
Let g(q) = -q - 1. Let y(h) be the third derivative of -11*h**4/8 + 7*h**3/6 - 20*h**2. Let k(p) = 6*g(p) + y(p). Is k(-2) a composite number?
False
Let j(p) = -1122*p - 2807. Is j(-33) a prime number?
False
Suppose -234*y - 238*y + 481*y = 2857149. Is y a composite number?
True
Suppose 8*j = -25*j. Suppose 4*g + 575 = k - 1158, j = 4*k - 5*g - 6987. Is k a prime number?
True
Let s = 287530 + -96153. Is s a composite number?
True
Let v(s) = 3181*s + 2. Let m be v(1). Suppose -6*g - m = -17709. Suppose -8*w = -g - 4387. Is w a composite number?
True
Let t = -136 + 303. Let w = t - -692. Is w prime?
True
Suppose 0 = -51*u + 40*u + 7212799. Suppose 19*w = -0*w + u. Is w a composite number?
False
Let b(w) = 708*w**2 - 9*w - 24. Let n be b(-6). Suppose 2*j + s = n, 4*s - 7*s = j - 12749. Is j composite?
True
Let m = 15083 - -15680. Is m a prime number?
True
Let o = -1063 + -335. Let d = o - -3635. Is d prime?
True
Suppose 279*l - 278*l - 5*u - 134380 = 0, -l + 4*u = -134383. Is l a prime number?
False
Let a = 70 + -111. Let i = a - -41. Suppose i = -8*t + 11*t - 879. Is t prime?
True
Let p = 579 + -576. Suppose -p*z + 89293 = 4*h, -29746 = -z + 6*h - 11*h. Is z composite?
True
Let r = -135 + 141. Suppose -4*c = -j - 0*j - 4, -c - 10 = -3*j. Is (5 - 3)/j + 543/r a composite number?
True
Let z(u) = 9*u**2 + 101*u - 347. Is z(47) a composite number?
False
Let c be 9467*(77 + (-32)/(-4)). Suppose -v - 16*v = -c. Is v a prime number?
False
Let i(g) = g**3 + 125*g**2 + 248*g + 2687. Is i(-122) composite?
True
Let k(d) = 348*d**2 - 14*d - 14. Let x be k(6). Suppose -3*m - 2*m + 2*o = -15551, 4*m + 2*o = x. Is m a composite number?
False
Let m(d) = 2*d**3 + 7*d**2 - 3*d + 7. Let z be m(-4). Suppose -5*f + r + 9842 = 0, 2*f + z*r - 1367 - 2580 = 0. Is f composite?
True
Let y be (28/(-7) + 3)*-11471. Let q = 20468 - y. Is q prime?
False
Let d be (-1505 - -2)/(7/10 + -1). Suppose -5*z + 2275 = -d. Suppose -z - 214 = -3*h. Is h composite?
False
Is 12104 - (6 - 2 - 6/(-2)) a composite number?
False
Let s(p) be the second derivative of 155*p**3/3 + 19*p**2/2 + 2*p + 3. Is s(4) a prime number?
True
Suppose 17 = 5*k - 23. Suppose 0 = 2*w - k*w + 1848. Let j = w + -91. Is j a composite number?
True
Suppose 34*v - 26451544 - 60713159 = -20325769. Is v a pr